ue
Let d be 40/6 - (-1)/3. Let n = -2 + 2. Suppose n = 4*c + 2*s - 60, d + 53 = 4*c + 4*s. Is c a prime number?
False
Let i be (-2)/9 + (-100)/36. Let b be (-20)/2 + 0/i. Let u = -3 - b. Is u a prime number?
True
Let d(q) be the first derivative of 5*q**2 + 2*q - 9. Suppose 5*i = 2*i + 6. Is d(i) prime?
False
Let k be (1 - -1)*(-6)/12. Let z = 36 + k. Is z composite?
True
Let f be (-74 - -1)/(11/(-33)). Suppose -2*p - 3*t + 209 = 0, 2*p + 5*t - f = -0*t. Is p a prime number?
True
Let b(t) = 0*t + 4*t**2 - 2*t**2 + 0*t + 3*t - 6. Let w be -1*1/1*-4. Is b(w) a composite number?
True
Suppose -48 + 3 = 5*s. Let a = s + 31. Is a a prime number?
False
Let o(t) = t**2 - 6*t - 5. Let b be o(5). Let f = -25 - -54. Let i = f + b. Is i prime?
True
Suppose -9*o = -6*o - 642. Let q = -137 + o. Is q a prime number?
False
Suppose -2*x = 7 + 17. Let a be (-5)/30 + (-1166)/x. Suppose -7*z + 2*z + 86 = 4*q, 5*q - a = -z. Is q composite?
False
Let k(y) = 52*y**2 - y + 1. Let u be k(1). Let m = u - 17. Is m a composite number?
True
Suppose -4*q = -767 - 713. Suppose -q = -4*p - 30. Is p a composite number?
True
Let q = 165 - 68. Is q prime?
True
Suppose 0 = 8*i - 16796 - 1212. Is i prime?
True
Let r(m) = m**3 + 10*m**2 - 9*m + 5. Suppose 18 = -4*o + 7*o. Is r(o) a prime number?
False
Suppose -m + 3 = -9. Is (-2)/4 - (-426)/m composite?
True
Is (-15)/45 - (-1078)/3 prime?
True
Let m(u) = -5*u + 9. Let v be (3 - 19/3)*3. Is m(v) a prime number?
True
Let p(i) = -2*i**2 + 6*i - 5. Let r(s) = 2*s**2 - 7*s + 4. Let n(a) = 6*p(a) + 7*r(a). Is n(11) prime?
True
Is ((-2038)/2)/(0 + -1) a prime number?
True
Let r(p) = p - 1. Let a be r(-1). Let j be 1 + (-1 - (-28 - a)). Is (j/3)/(2/3) composite?
False
Suppose 0 = -4*t + 6*r - r - 8, t = 5*r - 17. Suppose -2*y - 15 = 2*o + t*o, -o + 4*y - 25 = 0. Let x(l) = -l**3 - 4*l**2 - 6. Is x(o) prime?
True
Let r(j) = j**3 + 8*j**2 + 6*j - 1. Let d be r(-7). Let b(m) = -5*m - 1. Let x be b(d). Let c = 66 + x. Is c a prime number?
False
Suppose -10*p + 16194 = -24716. Is p a composite number?
False
Suppose -i = -6*i + 5, 110 = -a + 5*i. Let b = 184 + a. Is b a prime number?
True
Let c = 4 - 1. Let p(d) = -d**2 - 15*d - 14. Let f be p(-14). Suppose q - 5*l - 31 = f, c*q - 2*l = -2*q + 63. Is q a prime number?
True
Let i = 217 + -40. Is i composite?
True
Suppose -5*a - 5*k = -4 - 1, 3*a = -2*k + 7. Suppose -5*w - 28 = -4*u, u - 2*w = a*u. Suppose -10 = -3*g + u*g. Is g a prime number?
False
Suppose a + a - 4 = 0. Suppose 4*i = a*i. Suppose m = 4*k - 267, -4*k + i*m = 4*m - 272. Is k prime?
True
Let f be (-2)/8 + (-5859)/(-12). Suppose 2*k - f = -3*a, -11 = a + 4*k - 167. Let y = a + 47. Is y a composite number?
False
Let l(q) = 7*q**2 + 3*q - 3. Let p(t) = t**3 + 7*t**2 + 2. Let r be p(-7). Is l(r) prime?
True
Suppose 0 = 5*r - 4*x - 16, -r - 12 = 5*x - 2*x. Let y be (r + 2)*4/2. Suppose 5*p - y*p - 26 = 0. Is p a prime number?
False
Let m(j) = -j**3 - j**2 + 2. Let a be m(0). Suppose -a*v + 5*w = -687, 0 = -4*v + 4*w - 2*w + 1334. Is v composite?
False
Let h = 15 - 8. Let y be 9 - 2 - (-1 - -1). Is 90/y - h/(-49) a prime number?
True
Suppose 0 = 8*g - 671 - 73. Is g composite?
True
Let j(a) = 17*a + 19. Let x = 27 + -13. Is j(x) composite?
False
Let u(s) = -s**3 + 9*s**2 + 2*s - 14. Let q be u(10). Let r = -48 - q. Is r a prime number?
False
Suppose 0 = 5*d - 4*j - 5755, 3*d = d + 4*j + 2302. Is d composite?
False
Let f(r) = 250*r - 79. Is f(5) composite?
False
Let v(a) = a**3 - 12*a**2 + 22*a - 18. Is v(17) composite?
False
Let k = 2 + -2. Suppose 18 = q - k. Suppose 70 - q = 4*i. Is i a composite number?
False
Let x(w) = 2*w**2 + 4*w - 6. Let z be x(6). Let y be (z/4)/(2/20). Suppose 1020 = 5*h + y. Is h a prime number?
False
Suppose 4*n = 3*o + 6010, -3*o - 1507 = n - 2*n. Is n a prime number?
False
Is ((-2)/(-2) - -297)*(-110)/(-44) a prime number?
False
Suppose -4*b + 209 = b - w, 4*w = b - 57. Suppose 0 = -2*u + 33 + b. Is u composite?
False
Is (-8)/12*(-9465)/10 prime?
True
Suppose -5*h = 3*i - 3 + 6, -3*i + 3*h = -21. Suppose -90 = -2*n - i. Is n prime?
True
Let s(x) = -142*x + 1. Is s(-3) a prime number?
False
Let l = 4 + -6. Is 94 + 0 + 3 + l composite?
True
Let x = -280 + 817. Let s = 765 - x. Suppose -4*m = -2*q - s, q - 6*q = -2*m + 130. Is m a composite number?
True
Suppose -178*p = -173*p - 5305. Is p a prime number?
True
Let k(q) = q**3 - 11*q**2 + 8. Let z be k(11). Suppose -267 = o + 5*h, 4*h = -o + 2*o + 258. Is o/(-8) - (-2)/z prime?
False
Suppose 0*v = 2*v - 4. Let h be 10*v*2/8. Suppose -h*o = -2*o - 93. Is o prime?
True
Let w(p) = -p**3 + 10*p**2 - 4*p + 3. Is w(4) a composite number?
False
Let y = 8 - 6. Suppose -2*d + 4 = -y. Suppose 5*i + 145 = d*z, 5*z = 8*i - 3*i + 255. Is z composite?
True
Let u = 22 - 37. Let q be (12/u - -2)*60. Suppose 10 = 3*t + 1, -5*b + t + q = 0. Is b a composite number?
True
Let j = 2 + -2. Let t(q) = 39*q**2 + 2*q - 1. Let s be t(1). Suppose j*w + 4*w = s. Is w a prime number?
False
Let l(v) = 2*v**3 - 2*v**2 - v + 4. Let f = 3 + -2. Let c be (f + (-3)/6)*6. Is l(c) prime?
True
Let w(b) = -b**3 - 10*b**2 - 13*b + 11. Is w(-10) a composite number?
True
Let c(t) be the third derivative of 5*t**4/3 - t**3/2 - 4*t**2. Is c(2) a prime number?
False
Is 1/(2 - (-1107)/(-555)) composite?
True
Let h(v) be the second derivative of v**3/3 - v**2 - 4*v. Let b be h(6). Let j = b - -193. Is j a composite number?
True
Let o = 4 - 1. Let r be 874/4 - 27/(-18). Suppose 0 = -o*c - c + r. Is c a composite number?
True
Suppose s = -s + 3*z + 764, z = 2*s - 760. Is s composite?
False
Let y be (-954)/(-27) - 2/(-3). Is (y - 0)*12 - 1 a composite number?
False
Let b(m) = m**3 - 15*m**2 - 16*m + 22. Let r be b(16). Suppose -2*u + 4*h + 4 = -r, 5*u = -3*h + 104. Is u composite?
False
Let d(f) = 17*f**3 - 2*f**2 + 2*f + 2. Let t(i) = -33*i**3 + 3*i**2 - 4*i - 3. Let n(m) = -5*d(m) - 3*t(m). Is n(2) a prime number?
False
Let s(x) = -x**3 - x**2 + x + 1. Let u be s(-2). Let h(z) = -z**2 + 5*z - 1. Let g be h(5). Is -3*g/u*22 a prime number?
False
Let k(u) = -7*u**3 + 2*u**2 + 3*u. Let z be k(-3). Suppose -3 = -5*c - z. Let f = 12 - c. Is f a prime number?
False
Suppose 134 = 4*s - 2*s. Suppose -25 = u - 3*n, -n + s = -2*u + 17. Let z = 39 + u. Is z a composite number?
True
Let q be 11/(-3) - (-1)/(-3). Let r be (-27)/(-6) + q/(-8). Is (-20)/r*67/(-4) a composite number?
False
Let m(x) = -x**3 - 4*x**2 - 3*x + 3. Let v be m(-3). Suppose v*j + 26 = 5*j. Is j a prime number?
True
Suppose 3*j - 2*j = 0. Suppose j = 2*n + s - 29, -25 = -5*n + 3*s + 42. Let f = -5 + n. Is f a composite number?
True
Suppose 2*z = -5*k + 19 + 1079, 0 = k - z - 221. Let t = k - 153. Is t a prime number?
True
Suppose 2*q - 140 = q. Suppose -768 = -4*u - q. Is u a prime number?
True
Let q(y) = y**2 - 2*y - 8. Let n(p) = -p**2 + 1. Let d(l) = 4*l + 3. Let r(j) = -d(j) - n(j). Let v be r(3). Is q(v) a composite number?
True
Let u(q) = -16*q**3 - q**2. Let h be u(-1). Let a = h + 10. Is a a composite number?
True
Let v be 1 + 3 + -5 + 3. Suppose -8 = 3*i + 4, -h = v*i - 245. Is h prime?
False
Let v(x) be the second derivative of 3*x**5/20 - 7*x**3/6 + 7*x**2/2 - 4*x. Is v(5) a composite number?
False
Let v = -1 + 3. Suppose -g = -5*s - 68, v*s = 5*g - 0*s - 363. Suppose 0 = -2*d - 2*a + 164, d = 2*d - 2*a - g. Is d composite?
False
Let k(m) = 20*m - 1. Let o be k(1). Suppose -2*l = -l - o. Is l prime?
True
Suppose -5*c = -0*c - 1855. Is c prime?
False
Let k(d) = -32*d + 27. Is k(-7) prime?
True
Let o(d) = 11*d**2 - 2*d + 1. Is o(-6) composite?
False
Let j be (-2)/(3 + -3 + 2). Let i(w) be the first derivative of -19*w**2/2 - 1. Is i(j) a prime number?
True
Suppose 258 = 3*y - 3*h, -4*h + 55 = y - 26. Let o = y - 439. Is (o/(-9))/((-2)/(-3)) prime?
True
Let j be -1*(4 + (-9)/3). Let f(t) be the first derivative of -17*t**4/2 + t**3/3 - t**2/2 - t - 1. Is f(j) prime?
False
Suppose -4*a = -v - 40 - 9, 3*a - 4*v - 53 = 0. Let q = -20 + a. Is 2/(-3) + (-465)/q a prime number?
False
Suppose 0 = 5*p + 645 - 2500. Is p composite?
True
Let a(l) be the second derivative of l**5/10 - l**4/3 + l**3/3 + 4*l. Let u be a(2). Is 37*2/(u - 2) composite?
False
Suppose 5*s - 8 = 2. Let o = 5 - s. Suppose 6*v - o*i - 373 = v, v + 5*i - 97 = 0. Is v a com